{"id":11695,"date":"2024-09-06T13:16:10","date_gmt":"2024-09-06T11:16:10","guid":{"rendered":"https:\/\/www.e3dc.com\/?page_id=11695"},"modified":"2024-11-08T10:59:11","modified_gmt":"2024-11-08T09:59:11","slug":"vendee-globe-2024-gewinnspiel","status":"publish","type":"page","link":"https:\/\/www.e3dc.com\/proxy\/vendee-globe-2024-gewinnspiel\/","title":{"rendered":"Gewinnspiel Vendee Globe"},"content":{"rendered":"<p>[vc_section full_width=&#8220;stretch_row&#8220; full_height=&#8220;yes&#8220; content_placement=&#8220;middle&#8220; parallax=&#8220;content-moving&#8220; parallax_speed_bg=&#8220;2&#8243; css_animation=&#8220;none&#8220; tablet_bg_img=&#8220;11750&#8243; mobile_bg_img=&#8220;11764&#8243; section_title=&#8220;Intro&#8220; el_class=&#8220;hero_section scroll_section section_alignment prod_parallax anizoom zoommiddle light_section&#8220; css=&#8220;.vc_custom_1725948954003{background-position: center !important;background-repeat: no-repeat !important;background-size: cover !important;}&#8220;][vc_row full_height=&#8220;yes&#8220; el_class=&#8220;innerhero&#8220; css=&#8220;.vc_custom_1725605545826{background-image: url(https:\/\/www.e3dc.com\/proxy\/wp-content\/uploads\/2024\/09\/0030EV_Gewinnspiel-Vendee-Globe_Header_011920-x-1175.png?id=11736) !important;}&#8220;][vc_column][\/vc_column][\/vc_row][vc_row content_placement=&#8220;middle&#8220; disable_element=&#8220;yes&#8220;][vc_column width=&#8220;2\/3&#8243;][\/vc_column][vc_column width=&#8220;1\/3&#8243;][\/vc_column][\/vc_row][vc_row content_placement=&#8220;middle&#8220;][vc_column width=&#8220;2\/3&#8243;][vc_custom_heading text=&#8220;&#8220; font_container=&#8220;tag:h1|text_align:left|color:%2379b41c&#8220; css_animation=&#8220;fadeInUp&#8220;][vc_custom_heading text=&#8220;Vend\u00e9e Globe Gewinnspiel&#8220; font_container=&#8220;tag:h1|text_align:left|color:%2379b41c&#8220; css_animation=&#8220;fadeInUp&#8220; el_class=&#8220;mobilemargin&#8220;][vc_custom_heading text=&#8220;360\u00b0 UM DEN GLOBUS&#8220; font_container=&#8220;tag:h2|text_align:left|color:%23ffffff&#8220; css_animation=&#8220;fadeInUp&#8220; css=&#8220;.vc_custom_1725949018630{margin-bottom: 0px !important;}&#8220;][\/vc_column][vc_column width=&#8220;1\/3&#8243;][\/vc_column][\/vc_row][\/vc_section][vc_section full_width=&#8220;stretch_row&#8220; full_height=&#8220;yes&#8220; content_placement=&#8220;middle&#8220; el_class=&#8220;scroll_section light_section zoomout&#8220; section_title=&#8220;Gewinnspiel&#8220;][vc_row full_width=&#8220;stretch_row_content&#8220; full_height=&#8220;yes&#8220; equal_height=&#8220;yes&#8220; content_placement=&#8220;bottom&#8220;][vc_column el_class=&#8220;section_side&#8220; css=&#8220;.vc_custom_1651158439753{padding-top: 75px !important;padding-right: 75px !important;padding-bottom: 75px !important;padding-left: 75px !important;background-color: #ffffff !important;}&#8220;][vc_custom_heading text=&#8220;Der Gewinn&#8220; font_container=&#8220;tag:h4|text_align:left&#8220; css_animation=&#8220;fadeInUp&#8220; el_class=&#8220;subtitle&#8220;][vc_custom_heading text=&#8220;Mit erneuerbarer Energie 360 Grad um den Globus&#8220; css_animation=&#8220;fadeInUp&#8220;][vc_column_text]Am 10. November startet Fabrice Amedeo zur Segelregatta <strong>Vend\u00e9e Globe in<\/strong> <strong>Les Sables d\u2019Olonne, Frankreich<\/strong> \u2013 und Sie k\u00f6nnen dabei sein!<\/p>\n<p>Unter allen Einsendungen verlosen wir eine von zwei Reisen f\u00fcr je zwei Personen zum Start der Vend\u00e9e Globe 2024 (weitere Details unten). Zur Teilnahme f\u00fcllen Sie lediglich das untenstehende Kontaktformular aus und Sie nehmen automatisch am Gewinnspiel teil!<\/p>\n<p>Das Gewinnspiel endet am 10. Oktober 2024, 23:59 Uhr. Aus allen Einsendungen werden zwei Gewinner ausgelost. Der Gewinner wird anschlie\u00dfend per E-Mail benachrichtigt. Sollte der Gewinner nicht ermittelbar sein oder sich nach Bekanntgabe des Gewinns nicht beim Veranstalter des Gewinnspiels melden, verf\u00e4llt der Gewinnanspruch nach Ablauf von 7 Tagen. Eine Barauszahlung und \u00dcbertragung des Gewinns ist nicht m\u00f6glich.<\/p>\n<p>Wir w\u00fcnschen Ihnen viel Gl\u00fcck!<\/p>\n<p>&nbsp;<\/p>\n<h3><strong>Umfang des Gewinnspiel:<\/strong><\/h3>\n<ol class=\"ProsemirrorEditor-list\">\n<li class=\"ProsemirrorEditor-listItem\" data-list-indent=\"1\" data-list-type=\"bulleted\">Zwei Reisen f\u00fcr je 2 Personen zum Start der Vend\u00e9e Globe 2024<\/li>\n<li class=\"ProsemirrorEditor-listItem\" data-list-indent=\"1\" data-list-type=\"bulleted\">Reisedatum: 09. bis 10. November<\/li>\n<li class=\"ProsemirrorEditor-listItem\" data-list-indent=\"1\" data-list-type=\"bulleted\">Highlights:\n<ul class=\"ProsemirrorEditor-list\">\n<li class=\"ProsemirrorEditor-listItem\" data-list-indent=\"2\" data-list-type=\"bulleted\">Zutritt zum \u201eVillage\u201c (Fahrerlager)<\/li>\n<li class=\"ProsemirrorEditor-listItem\" data-list-indent=\"2\" data-list-type=\"bulleted\">Begleitung des Starts in einem Schnellboot<\/li>\n<\/ul>\n<\/li>\n<\/ol>\n<p>&nbsp;<\/p>\n<h3><strong>Inklusive:<\/strong><\/h3>\n<ol class=\"ProsemirrorEditor-list\">\n<li class=\"ProsemirrorEditor-listItem\" data-list-indent=\"1\" data-list-type=\"bulleted\">An- und Abreise per Flug und Mietwagen<\/li>\n<li class=\"ProsemirrorEditor-listItem\" data-list-indent=\"1\" data-list-type=\"bulleted\">Eine \u00dcbernachtung vor Ort inkl. Fr\u00fchst\u00fcck<\/li>\n<\/ol>\n<p>[\/vc_column_text][\/vc_column][\/vc_row][\/vc_section][vc_section full_width=&#8220;stretch_row_content&#8220; full_height=&#8220;yes&#8220; content_placement=&#8220;top&#8220; tab_pos_1=&#8220;top&#8220; tab_pos_2=&#8220;center&#8220; mobile_bg_img=&#8220;1552&#8243; mobile_pos_1=&#8220;top&#8220; el_class=&#8220;scroll_section&#8220; section_title=&#8220;Teilnehmen&#8220; css=&#8220;.vc_custom_1651758782859{background-image: url(https:\/\/www.e3dc.com\/proxy\/wp-content\/uploads\/2019\/12\/funktionen.jpg?id=1552) !important;background-position: center !important;background-repeat: no-repeat !important;background-size: cover !important;}&#8220;][vc_row full_width=&#8220;stretch_row&#8220; disable_element=&#8220;yes&#8220;][vc_column css=&#8220;.vc_custom_1650469035773{padding-top: 25px !important;padding-right: 38px !important;padding-left: 38px !important;}&#8220;][vc_column_text]<\/p>\n<h2>Eckdaten zum Gewinnspiel<\/h2>\n<p>E3\/DC sucht bei diesem Gewinnspiel das sch\u00f6nste Sonnenblumenfoto. Beantworten Sie einfach die drei Fragen, laden Sie ein Bild Ihrer gez\u00fcchteten Sonnenblume sowie ein Foto der E3\/DC-Plant-Tab-Verpackung (Vorderseite) hoch und geben Sie Ihre Daten im untenstehenden Kontaktformular ein. Sollten Sie die Antworten nicht auf Anhieb wissen, finden Sie alle relevanten Informationen dazu auf unserer <a href=\"https:\/\/www.e3dc.com\/\" target=\"_blank\" rel=\"noopener noreferrer\">Homepage<\/a>. Im November wird aus den Einsendungen das sch\u00f6nste Foto ausgesucht und ver\u00f6ffentlicht.<\/p>\n<p>Das Gewinnspiel endet am 31. Oktober 2022, 23:59 Uhr. Aus allen Einsendungen k\u00fcrt die E3\/DC-Jury den Gewinner. Eine Barauszahlung und \u00dcbertragung des Gewinns ist nicht m\u00f6glich. Der Gewinner wird anschlie\u00dfend per E-Mail benachrichtigt. Sollte der Gewinner nicht ermittelbar sein oder sich nach Bekanntgabe des Gewinns nicht beim Veranstalter des Gewinnspiels melden, verf\u00e4llt der Gewinnanspruch nach Ablauf von 14 Tagen.<\/p>\n<p>Wir w\u00fcnschen Ihnen viel Gl\u00fcck![\/vc_column_text][\/vc_column][\/vc_row][vc_row full_width=&#8220;stretch_row_content&#8220; full_height=&#8220;yes&#8220; equal_height=&#8220;yes&#8220;][vc_column width=&#8220;1\/6&#8243;][\/vc_column][vc_column width=&#8220;2\/3&#8243;][vc_raw_html css=&#8220;.vc_custom_1725458861377{margin-top: 25px !important;margin-bottom: 25px !important;padding-top: 25px !important;padding-right: 25px !important;padding-bottom: 25px !important;padding-left: 25px !important;background-color: #ffffff !important;}&#8220;]JTVCY29udGFjdC1mb3JtLTclMjBpZCUzRCUyMjExNzI2JTIyJTIwdGl0bGUlM0QlMjJHZXdpbm5zcGllbCUyMFZlbmRlZSUyMEdsb2JlJTIyJTVE[\/vc_raw_html][\/vc_column][vc_column width=&#8220;1\/6&#8243;][\/vc_column][\/vc_row][\/vc_section]<\/p>\n","protected":false},"excerpt":{"rendered":"<p>[vc_section full_width=&#8220;stretch_row&#8220; full_height=&#8220;yes&#8220; content_placement=&#8220;middle&#8220; parallax=&#8220;content-moving&#8220; parallax_speed_bg=&#8220;2&#8243; css_animation=&#8220;none&#8220; tablet_bg_img=&#8220;11750&#8243; mobile_bg_img=&#8220;11764&#8243; section_title=&#8220;Intro&#8220; el_class=&#8220;hero_section scroll_section section_alignment prod_parallax anizoom [&hellip;]<\/p>\n","protected":false},"author":21,"featured_media":0,"parent":0,"menu_order":72,"comment_status":"closed","ping_status":"closed","template":"","meta":{"footnotes":""},"class_list":["post-11695","page","type-page","status-publish","hentry"],"acf":[],"yoast_head":"<!-- This site is optimized with the Yoast SEO plugin v20.13 - https:\/\/yoast.com\/wordpress\/plugins\/seo\/ -->\n<title>Gewinnspiel Vendee Globe - E3\/DC<\/title>\n<meta name=\"robots\" content=\"noindex, nofollow\" \/>\n<meta property=\"og:locale\" content=\"de_DE\" \/>\n<meta property=\"og:type\" content=\"article\" \/>\n<meta property=\"og:title\" content=\"Gewinnspiel Vendee Globe - E3\/DC\" \/>\n<meta property=\"og:description\" content=\"[vc_section full_width=&#8220;stretch_row&#8220; full_height=&#8220;yes&#8220; content_placement=&#8220;middle&#8220; parallax=&#8220;content-moving&#8220; parallax_speed_bg=&#8220;2&#8243; css_animation=&#8220;none&#8220; tablet_bg_img=&#8220;11750&#8243; mobile_bg_img=&#8220;11764&#8243; section_title=&#8220;Intro&#8220; el_class=&#8220;hero_section scroll_section section_alignment prod_parallax anizoom [&hellip;]\" \/>\n<meta property=\"og:url\" content=\"https:\/\/www.e3dc.com\/proxy\/vendee-globe-2024-gewinnspiel\/\" \/>\n<meta property=\"og:site_name\" content=\"E3\/DC\" \/>\n<meta property=\"article:modified_time\" content=\"2024-11-08T09:59:11+00:00\" \/>\n<meta name=\"twitter:card\" content=\"summary_large_image\" \/>\n<meta name=\"twitter:label1\" content=\"Gesch\u00e4tzte Lesezeit\" \/>\n\t<meta name=\"twitter:data1\" content=\"3\u00a0Minuten\" \/>\n<!-- \/ Yoast SEO plugin. -->","yoast_head_json":{"title":"Gewinnspiel Vendee Globe - E3\/DC","robots":{"index":"noindex","follow":"nofollow"},"og_locale":"de_DE","og_type":"article","og_title":"Gewinnspiel Vendee Globe - E3\/DC","og_description":"[vc_section full_width=&#8220;stretch_row&#8220; full_height=&#8220;yes&#8220; content_placement=&#8220;middle&#8220; parallax=&#8220;content-moving&#8220; parallax_speed_bg=&#8220;2&#8243; css_animation=&#8220;none&#8220; tablet_bg_img=&#8220;11750&#8243; mobile_bg_img=&#8220;11764&#8243; section_title=&#8220;Intro&#8220; el_class=&#8220;hero_section scroll_section section_alignment prod_parallax anizoom [&hellip;]","og_url":"https:\/\/www.e3dc.com\/proxy\/vendee-globe-2024-gewinnspiel\/","og_site_name":"E3\/DC","article_modified_time":"2024-11-08T09:59:11+00:00","twitter_card":"summary_large_image","twitter_misc":{"Gesch\u00e4tzte Lesezeit":"3\u00a0Minuten"},"schema":{"@context":"https:\/\/schema.org","@graph":[{"@type":"WebPage","@id":"https:\/\/www.e3dc.com\/proxy\/vendee-globe-2024-gewinnspiel\/","url":"https:\/\/www.e3dc.com\/proxy\/vendee-globe-2024-gewinnspiel\/","name":"Gewinnspiel Vendee Globe - E3\/DC","isPartOf":{"@id":"https:\/\/www.e3dc.com\/proxy\/#website"},"datePublished":"2024-09-06T11:16:10+00:00","dateModified":"2024-11-08T09:59:11+00:00","breadcrumb":{"@id":"https:\/\/www.e3dc.com\/proxy\/vendee-globe-2024-gewinnspiel\/#breadcrumb"},"inLanguage":"de","potentialAction":[{"@type":"ReadAction","target":["https:\/\/www.e3dc.com\/proxy\/vendee-globe-2024-gewinnspiel\/"]}]},{"@type":"BreadcrumbList","@id":"https:\/\/www.e3dc.com\/proxy\/vendee-globe-2024-gewinnspiel\/#breadcrumb","itemListElement":[{"@type":"ListItem","position":1,"name":"Startseite","item":"https:\/\/www.e3dc.com\/proxy\/"},{"@type":"ListItem","position":2,"name":"Gewinnspiel Vendee Globe"}]},{"@type":"WebSite","@id":"https:\/\/www.e3dc.com\/proxy\/#website","url":"https:\/\/www.e3dc.com\/proxy\/","name":"E3\/DC","description":"","potentialAction":[{"@type":"SearchAction","target":{"@type":"EntryPoint","urlTemplate":"https:\/\/www.e3dc.com\/proxy\/?s={search_term_string}"},"query-input":"required name=search_term_string"}],"inLanguage":"de"}]}},"_links":{"self":[{"href":"https:\/\/www.e3dc.com\/proxy\/wp-json\/wp\/v2\/pages\/11695","targetHints":{"allow":["GET"]}}],"collection":[{"href":"https:\/\/www.e3dc.com\/proxy\/wp-json\/wp\/v2\/pages"}],"about":[{"href":"https:\/\/www.e3dc.com\/proxy\/wp-json\/wp\/v2\/types\/page"}],"author":[{"embeddable":true,"href":"https:\/\/www.e3dc.com\/proxy\/wp-json\/wp\/v2\/users\/21"}],"replies":[{"embeddable":true,"href":"https:\/\/www.e3dc.com\/proxy\/wp-json\/wp\/v2\/comments?post=11695"}],"version-history":[{"count":9,"href":"https:\/\/www.e3dc.com\/proxy\/wp-json\/wp\/v2\/pages\/11695\/revisions"}],"predecessor-version":[{"id":11771,"href":"https:\/\/www.e3dc.com\/proxy\/wp-json\/wp\/v2\/pages\/11695\/revisions\/11771"}],"wp:attachment":[{"href":"https:\/\/www.e3dc.com\/proxy\/wp-json\/wp\/v2\/media?parent=11695"}],"curies":[{"name":"wp","href":"https:\/\/api.w.org\/{rel}","templated":true}]}}